{"id":19762,"date":"2023-02-02T15:11:03","date_gmt":"2023-02-02T14:11:03","guid":{"rendered":"http:\/\/www.kpddrava.at\/?page_id=19762"},"modified":"2023-02-20T22:49:31","modified_gmt":"2023-02-20T21:49:31","slug":"sanje","status":"publish","type":"page","link":"http:\/\/www.kpddrava.at\/?page_id=19762","title":{"rendered":"SANJE"},"content":{"rendered":"<div class=\"entry-content\">\n<p>Skupina SANJE so se lotili vaj in delovanja leta 2016. Ime je nastalo iz za\u010detnih \u010drk \u010dlanic in \u010dlanov skupine. Do zdaj so imeli nekaj nad 50 nastopov v Avstriji, Sloveniji in Italiji. Prepevajo ljudske, prosvetne in duhovne pesmi, v zadnjem \u010dasu se poglabljajo z veseljem v pesmi s swingom in se trudijo za \u0161tiriglasno petje. S tem posku\u0161ajo ohranjati slovenski jezik in kulturo na Koro\u0161kem.<\/p>\n<p>Novembra 2018 so bili v Trstu v Italiji, nato sodelovali na reviji Koro\u0161ka poje 2019 v koncertni hi\u0161i v Celovcu, se udele\u017eili sre\u010danja otro\u0161kih in mladinskih zborov v \u0160entjakobu v Ro\u017eu ter v \u010dasu pandemije za bo\u017ei\u010d 2021 sodelovali pri koncertu preko spleta v Kulturnem domu v Pliberku. Leta 2021 so peli ob 111-letnici Katoli\u0161kega prosvetnega dru\u0161tva Drava v \u017dvabeku, leto navrh pa v sosednjih Libeli\u010dah ob 100. obletnici \u00bbLibeli\u0161kega \u010dude\u017ea\u00ab, ter za avstrijski dr\u017eavni praznik na prireditvi \u201eDober ve\u010der, sosed\u201c v Dobrli vasi. Konec leta 2022 so bili povabljeni v slovensko Lesi\u010dno blizu hrva\u0161ke meje. Peli so na jesenskih koncertih KPD Drava pri Obnarju ter ob vernisa\u017eah v Hi\u0161i kulture v \u017dvabeku. Vabijo jih na sodelovanje pri ma\u0161ah, ob krstih in drugih praznikih, kar jih veseli.<\/p>\n<p>\u010clani skupine so:&nbsp; &nbsp;&nbsp;&nbsp;&nbsp;<\/p>\n<ul>\n<li>Julia Radocha (kitara)<\/li>\n<li>Nina Kogelnik (kitara, violina)<\/li>\n<li>Eva Kogelnik (klavir, kitara)<\/li>\n<li>Simon Kogelnik (kontrabas, harmonika)<\/li>\n<li>Dr. Engelbert Logar (kitara, umetni\u0161ki vodja)<\/li>\n<\/ul>\n<\/div>\n","protected":false},"excerpt":{"rendered":"<p>Skupina SANJE so se lotili vaj in delovanja leta 2016. Ime je nastalo iz za\u010detnih \u010drk \u010dlanic in \u010dlanov skupine. Do zdaj so imeli nekaj nad 50 nastopov v Avstriji, Sloveniji in Italiji. Prepevajo ljudske, prosvetne in duhovne pesmi, v zadnjem \u010dasu se poglabljajo z veseljem v pesmi s swingom in se trudijo za \u0161tiriglasno &hellip; <\/p>\n<p class=\"link-more\"><a href=\"http:\/\/www.kpddrava.at\/?page_id=19762\" class=\"more-link\"><span class=\"screen-reader-text\">\u201eSANJE\u201c<\/span> weiterlesen<\/a><\/p>\n","protected":false},"author":4,"featured_media":19825,"parent":0,"menu_order":0,"comment_status":"closed","ping_status":"closed","template":"","meta":{"ngg_post_thumbnail":0,"_mc_calendar":[],"footnotes":""},"class_list":["post-19762","page","type-page","status-publish","has-post-thumbnail","hentry"],"_links":{"self":[{"href":"http:\/\/www.kpddrava.at\/index.php?rest_route=\/wp\/v2\/pages\/19762","targetHints":{"allow":["GET"]}}],"collection":[{"href":"http:\/\/www.kpddrava.at\/index.php?rest_route=\/wp\/v2\/pages"}],"about":[{"href":"http:\/\/www.kpddrava.at\/index.php?rest_route=\/wp\/v2\/types\/page"}],"author":[{"embeddable":true,"href":"http:\/\/www.kpddrava.at\/index.php?rest_route=\/wp\/v2\/users\/4"}],"replies":[{"embeddable":true,"href":"http:\/\/www.kpddrava.at\/index.php?rest_route=%2Fwp%2Fv2%2Fcomments&post=19762"}],"version-history":[{"count":7,"href":"http:\/\/www.kpddrava.at\/index.php?rest_route=\/wp\/v2\/pages\/19762\/revisions"}],"predecessor-version":[{"id":19832,"href":"http:\/\/www.kpddrava.at\/index.php?rest_route=\/wp\/v2\/pages\/19762\/revisions\/19832"}],"wp:featuredmedia":[{"embeddable":true,"href":"http:\/\/www.kpddrava.at\/index.php?rest_route=\/wp\/v2\/media\/19825"}],"wp:attachment":[{"href":"http:\/\/www.kpddrava.at\/index.php?rest_route=%2Fwp%2Fv2%2Fmedia&parent=19762"}],"curies":[{"name":"wp","href":"https:\/\/api.w.org\/{rel}","templated":true}]}}