{"id":263,"date":"2012-04-07T15:44:44","date_gmt":"2012-04-07T15:44:44","guid":{"rendered":"http:\/\/www.kpddrava.at\/?page_id=263"},"modified":"2023-11-08T12:53:44","modified_gmt":"2023-11-08T11:53:44","slug":"lutke-suha","status":"publish","type":"page","link":"http:\/\/www.kpddrava.at\/?page_id=263","title":{"rendered":"LUTKE SUHA"},"content":{"rendered":"<p><a href=\"http:\/\/www.kpddrava.at\/wp-content\/uploads\/2012\/04\/pepelkincevelj091.jpg\"><img loading=\"lazy\" decoding=\"async\" class=\"aligncenter size-medium wp-image-264\" title=\"pepelkincevelj091\" src=\"http:\/\/www.kpddrava.at\/wp-content\/uploads\/2012\/04\/pepelkincevelj091-300x200.jpg\" alt=\"\" width=\"300\" height=\"200\" srcset=\"http:\/\/www.kpddrava.at\/wp-content\/uploads\/2012\/04\/pepelkincevelj091-300x200.jpg 300w, http:\/\/www.kpddrava.at\/wp-content\/uploads\/2012\/04\/pepelkincevelj091.jpg 1024w\" sizes=\"auto, (max-width: 300px) 100vw, 300px\" \/><\/a>Musical: Pepelkin \u010develj Lutke Suha vabijo na svoj prvi musical, katerega premiera bo v soboto, dne 21. aprila in v nedeljo 22. aprila, vsaki\u010d ob 18. uri v Hi\u0161i Kulture v \u017dvabeku. Re\u017eiserka je Vida Logar, za glasbo sta pristojna Travdi in Danilo Katz, Imke Logar-Thiessen za gibe in ples, MA Christine Meklin-Sumnitsch za oder in kreativnost, mag. Richard Grilc za lu\u010di, Rosina Katz za organizacijo. Igrajo: Laura Kristof, Silvia Hirm, Timna Katz, Klara Kert, Eva Kogelnik, Ana Grilc, Nina Kogelnik, Ela Grilc, Janko Kumer, Tamina Katz, Victoria Meklin, Klara Logar, Johannes Borstner, Elsa Logar, Joachim Borstner, Milan Logar, Simon Kogelnik, Anna Hirm, Anna-Maria Borstner.<\/p>\n<p>&nbsp;<\/p>\n","protected":false},"excerpt":{"rendered":"<p>Musical: Pepelkin \u010develj Lutke Suha vabijo na svoj prvi musical, katerega premiera bo v soboto, dne 21. aprila in v nedeljo 22. aprila, vsaki\u010d ob 18. uri v Hi\u0161i Kulture v \u017dvabeku. Re\u017eiserka je Vida Logar, za glasbo sta pristojna Travdi in Danilo Katz, Imke Logar-Thiessen za gibe in ples, MA Christine Meklin-Sumnitsch za oder &hellip; <\/p>\n<p class=\"link-more\"><a href=\"http:\/\/www.kpddrava.at\/?page_id=263\" class=\"more-link\"><span class=\"screen-reader-text\">\u201eLUTKE SUHA\u201c<\/span> weiterlesen<\/a><\/p>\n","protected":false},"author":4,"featured_media":0,"parent":0,"menu_order":0,"comment_status":"closed","ping_status":"closed","template":"","meta":{"ngg_post_thumbnail":0,"_mc_calendar":[],"footnotes":""},"class_list":["post-263","page","type-page","status-publish","hentry"],"_links":{"self":[{"href":"http:\/\/www.kpddrava.at\/index.php?rest_route=\/wp\/v2\/pages\/263","targetHints":{"allow":["GET"]}}],"collection":[{"href":"http:\/\/www.kpddrava.at\/index.php?rest_route=\/wp\/v2\/pages"}],"about":[{"href":"http:\/\/www.kpddrava.at\/index.php?rest_route=\/wp\/v2\/types\/page"}],"author":[{"embeddable":true,"href":"http:\/\/www.kpddrava.at\/index.php?rest_route=\/wp\/v2\/users\/4"}],"replies":[{"embeddable":true,"href":"http:\/\/www.kpddrava.at\/index.php?rest_route=%2Fwp%2Fv2%2Fcomments&post=263"}],"version-history":[{"count":4,"href":"http:\/\/www.kpddrava.at\/index.php?rest_route=\/wp\/v2\/pages\/263\/revisions"}],"predecessor-version":[{"id":271,"href":"http:\/\/www.kpddrava.at\/index.php?rest_route=\/wp\/v2\/pages\/263\/revisions\/271"}],"wp:attachment":[{"href":"http:\/\/www.kpddrava.at\/index.php?rest_route=%2Fwp%2Fv2%2Fmedia&parent=263"}],"curies":[{"name":"wp","href":"https:\/\/api.w.org\/{rel}","templated":true}]}}

<p><a href="http://www.kpddrava.at/wp-content/uploads/2012/04/pepelkincevelj091.jpg"><img loading="lazy" decoding="async" class="aligncenter size-medium wp-image-264" title="pepelkincevelj091" src="http://www.kpddrava.at/wp-content/uploads/2012/04/pepelkincevelj091-300x200.jpg" alt="" width="300" height="200" srcset="http://www.kpddrava.at/wp-content/uploads/2012/04/pepelkincevelj091-300x200.jpg 300w, http://www.kpddrava.at/wp-content/uploads/2012/04/pepelkincevelj091.jpg 1024w" sizes="auto, (max-width: 300px) 100vw, 300px" /></a>Musical: Pepelkin čevelj Lutke Suha vabijo na svoj prvi musical, katerega premiera bo v soboto, dne 21. aprila in v nedeljo 22. aprila, vsakič ob 18. uri v Hiši Kulture v Žvabeku. Režiserka je Vida Logar, za glasbo sta pristojna Travdi in Danilo Katz, Imke Logar-Thiessen za gibe in ples, MA Christine Meklin-Sumnitsch za oder in kreativnost, mag. Richard Grilc za luči, Rosina Katz za organizacijo. Igrajo: Laura Kristof, Silvia Hirm, Timna Katz, Klara Kert, Eva Kogelnik, Ana Grilc, Nina Kogelnik, Ela Grilc, Janko Kumer, Tamina Katz, Victoria Meklin, Klara Logar, Johannes Borstner, Elsa Logar, Joachim Borstner, Milan Logar, Simon Kogelnik, Anna Hirm, Anna-Maria Borstner.</p>
<p>&nbsp;</p>

<p>Musical: Pepelkin čevelj Lutke Suha vabijo na svoj prvi musical, katerega premiera bo v soboto, dne 21. aprila in v nedeljo 22. aprila, vsakič ob 18. uri v Hiši Kulture v Žvabeku. Režiserka je Vida Logar, za glasbo sta pristojna Travdi in Danilo Katz, Imke Logar-Thiessen za gibe in ples, MA Christine Meklin-Sumnitsch za oder &hellip; </p>
<p class="link-more"><a href="http://www.kpddrava.at/?page_id=263" class="more-link"><span class="screen-reader-text">„LUTKE SUHA“</span> weiterlesen</a></p>
