{"id":86,"date":"2010-10-17T07:09:34","date_gmt":"2010-10-17T05:09:34","guid":{"rendered":"http:\/\/www.kpddrava.at\/?page_id=86"},"modified":"2025-12-11T16:22:24","modified_gmt":"2025-12-11T15:22:24","slug":"geschichte","status":"publish","type":"page","link":"http:\/\/www.kpddrava.at\/?page_id=86","title":{"rendered":"Geschichte"},"content":{"rendered":"<p><strong>Der Bildungsverein \u2013 eine Notwendigkeit<\/strong><br \/>Bereits im Jahre 1909 erschien in der slowenischen Wochenzeitung MIR, wahrscheinlich vom damaligen Schwabegger Pfarrer, ein&nbsp; Artikel, in dem der Wunsch nach Gr\u00fcndung eines slowenischen Bildungsvereines&nbsp; ge\u00e4u\u00dfert wurde.<\/p>\n<p><strong>Gr\u00fcndung des Vereines<\/strong><br \/>Im Jahre 1910 best\u00e4tigte die Bezirkshauptmannschaft V\u00f6lkermarkt \/ Velikovec die Gr\u00fcndung des Vereines \u201eKr\u0161\u010dansko \u2013 izobra\u017eevalno dru\u0161tvo za \u017dvabek\u00ab. Der Gr\u00fcnder und die treibende Kraft des Vereines war Franc Uran\u0161ek, der in den Jahren 1905 bis 1948 als h\u00f6chst angesehener Pfarrer in Schwabegg t\u00e4tig war.<\/p>\n<p><strong>T\u00e4tigkeit des Vereines<\/strong><br \/>Von Anbeginn waren die wichtigsten T\u00e4tigkeiten des Vereines: Zus\u00e4tzliche sprachliche Ausbildung in slowenischen Sprache f\u00fcr die Jugend, Theaterauff\u00fchrungen,&nbsp; Informations \u2013 und Fortbildungsveranstaltungen f\u00fcr Erwachsene sowie Pflege der weltlichen und kirchlichen Chormusik.<\/p>\n<figure id=\"attachment_90\" aria-describedby=\"caption-attachment-90\" style=\"width: 400px\" class=\"wp-caption alignnone\"><a href=\"http:\/\/www.kpddrava.at\/wp-content\/uploads\/2010\/10\/igralci1935_gs.jpg\"><img loading=\"lazy\" decoding=\"async\" class=\"size-full wp-image-90\" title=\"igralci1935_gs\" src=\"http:\/\/www.kpddrava.at\/wp-content\/uploads\/2010\/10\/igralci1935_gs.jpg\" alt=\"Gledali\u0161ka skupina|Theatergruppe 1935\" width=\"400\" height=\"269\" srcset=\"http:\/\/www.kpddrava.at\/wp-content\/uploads\/2010\/10\/igralci1935_gs.jpg 800w, http:\/\/www.kpddrava.at\/wp-content\/uploads\/2010\/10\/igralci1935_gs-300x201.jpg 300w\" sizes=\"auto, (max-width: 400px) 100vw, 400px\" \/><\/a><figcaption id=\"caption-attachment-90\" class=\"wp-caption-text\">Gledali\u0161ka skupina | Theatergruppe 1935<\/figcaption><\/figure>\n<p><strong>\u00c4nderung des Vereinsnamens<\/strong><br \/>\u201eKatoli\u0161ko prosvetno dru\u0161tvo za \u017dvabek\u201c wurde 1939 von der Vollversammlung umbenannt und als \u201eSlovensko prosvetno dru\u0161tvo v \u017dvabeku\u00ab&nbsp; weiter gef\u00fchrt. Schon damals enthielt der Verein auch die zus\u00e4tzliche Bezeichnung \u00bbDrava\u00ab.<\/p>\n<p><strong>Liquidierung des Vereines<\/strong><br \/>In der Nazizeit wurde der Verein liquidiert und dessen T\u00e4tigkeit verboten. Der Gebrauch der slowenischen Sprache wurde untersagt. Das Vereinsverm\u00f6gen wurde beschlagnahmt und die B\u00fccherei des Vereines verbrannt.<\/p>\n<p><strong>Wiederbelebung des Vereines<\/strong><br \/>Im Mai 1945, nach Zerschlagung des Naziregimes, wurde die Vereinst\u00e4tigkeit wieder aufgenommen und neue Theaterst\u00fccke wurden einstudiert. Dem Verein traten viele neue Mitglieder bei. Die Theatergruppe trat regelm\u00e4\u00dfig, unter st\u00e4ndiger Mitwirkung der Schuljugend, des M\u00e4nner- und Gemischten Chores in den S\u00e4len der Gasth\u00e4user Lukner und Hafner auf.<\/p>\n<p><strong>Einweihung der &#8222;Dvorana&#8220;<\/strong><br \/>Unter der Leitung von Ignac Zupan, Pfarrer von Schwabegg, wurde in den Jahren von 1951 bis 1954 die sogenannte Dvorana (Pfarrsaal) errichtet und eingeweiht.<\/p>\n<p><strong>Gr\u00fcndung der Dorfgemeinschaft<\/strong><br \/>Mit der Gr\u00fcndung der Dorfgemeinschaft Schwabegg durch den eigentlichen zweisprachigen Lehrer Rapp, die urspr\u00fcnglich zweisprachig gef\u00fchrt werden sollte, kam es zu deutschnationalen Ausw\u00fcchsen. Zudem versuchten Mitglieder der Dorfgemeinschaft mangels an kulturell versierten und talentierten Menschen, immer wieder dem slowenischen Verein die Mitglieder abzuwerben. Die Vereinst\u00e4tigkeit wurde, zwar unter erschwerten Bedingungen, mit der Theatergruppe und den beiden Ch\u00f6ren erfolgreich fortgesetzt.<\/p>\n<p><strong>Erneute Namens\u00e4nderung<\/strong><br \/>In der Vollversammlung des Jahres 1963 wurde der Vereinsname erneut ge\u00e4ndert. Ab nun hei\u00dft der Verein \u201eKatoli\u0161ko prosvetno dru\u0161tvo Drava v \u017dvabeku\u201c und wurde dem Dachverband \u201eKr\u0161\u010danska kulturna zveza &#8211; KKZ\u201c zugegliedert.<\/p>\n<p><strong>Reduzierte T\u00e4tigkeit<\/strong><br \/>Bis zum Ende des Jahres 1973 beschr\u00e4nkte sich die T\u00e4tigkeit des Vereines auf Gastvortr\u00e4ge, sporadischen Theaterauff\u00fchrungen, Muttertagsfeiern, Nikolobesuchen und Gastkonzerten.<\/p>\n<p><strong>Belebung der Vereinst\u00e4tigkeit<\/strong><br \/>Mit dem neugew\u00e4hlten Vereinsvorstand begann 1974 eine zielgerichtete und erfolgreiche T\u00e4tigkeit. Die Theatergruppe formierte sich neu und trat besonders in der Faschingszeit mit neu einstudierten Sketches auf. Sogar Faschingssitzungen wurden erfolgreich durchgef\u00fchrt.<a href=\"http:\/\/www.kpddrava.at\/wp-content\/uploads\/2010\/10\/klrpis1002.jpg\"><img loading=\"lazy\" decoding=\"async\" class=\"alignnone size-large wp-image-165\" title=\"klrpis100\" src=\"http:\/\/www.kpddrava.at\/wp-content\/uploads\/2010\/10\/klrpis1002-1024x461.jpg\" alt=\"\" width=\"430\" height=\"194\"><\/a><\/p>\n<p><strong>Pevsko instrumentalna skupina<\/strong><br \/>Janko Tolmajer, damals Lehrer in Schwabegg, war nicht nur als P\u00e4dagoge erfolgreich, sondern begleitete seine Sch\u00fcler musikalisch auch bei verschiedenen Veranstaltungen des Vereines und ebnete damit den Weg zur Gr\u00fcndung der &#8222;Pevsko instrumentalna skupina&#8220; durch Rosina Katz\u2013Logar.<\/p>\n<p><a href=\"http:\/\/www.kpddrava.at\/wp-content\/uploads\/2025\/04\/OktetSuha2023_hodi_min-scaled.jpg\"><img loading=\"lazy\" decoding=\"async\" class=\"alignnone size-full wp-image-22652\" src=\"http:\/\/www.kpddrava.at\/wp-content\/uploads\/2025\/04\/OktetSuha2023_hodi_min-scaled.jpg\" alt=\"\" width=\"2123\" height=\"2560\" srcset=\"http:\/\/www.kpddrava.at\/wp-content\/uploads\/2025\/04\/OktetSuha2023_hodi_min-scaled.jpg 2123w, http:\/\/www.kpddrava.at\/wp-content\/uploads\/2025\/04\/OktetSuha2023_hodi_min-249x300.jpg 249w, http:\/\/www.kpddrava.at\/wp-content\/uploads\/2025\/04\/OktetSuha2023_hodi_min-849x1024.jpg 849w, http:\/\/www.kpddrava.at\/wp-content\/uploads\/2025\/04\/OktetSuha2023_hodi_min-768x926.jpg 768w, http:\/\/www.kpddrava.at\/wp-content\/uploads\/2025\/04\/OktetSuha2023_hodi_min-1274x1536.jpg 1274w, http:\/\/www.kpddrava.at\/wp-content\/uploads\/2025\/04\/OktetSuha2023_hodi_min-1698x2048.jpg 1698w\" sizes=\"auto, (max-width: 767px) 89vw, (max-width: 1000px) 54vw, (max-width: 1071px) 543px, 580px\" \/><\/a><\/p>\n<p><strong>Oktet Suha<\/strong><br \/>Im Jahre 1981 gr\u00fcndete der Student, heute Musikethnologe Dr. Bertej Logar, das Oktet Suha. Weitere Informationen \u00fcber das international bekannte Oktet Suha finden sie auf <a href=\"http:\/\/www.oktet-suha.at\">www.oktet-suha.at<\/a><\/p>\n<p><strong>Kinderchor Suha<\/strong><br \/>Hauptschullehrer Pepej Krop gr\u00fcndete im Jahre 1981 in Neuhaus \/ Suha einen Kinderchor, der 3 Jahre lang t\u00e4tig war.<\/p>\n<p><strong>Ensemble Energija<\/strong><br \/>Unter der Leitung von Dr. Bertej Logar gab es im Verein einige Jahre auch ein Pop \u2013 ensemble mit der Bezeichnung Energija, das sehr erfolgreich in \u00d6sterreich und Slowenien auftrat (Wiener Festwochen, Cankar-Center Ljubljana, Preistr\u00e4ger beim Wettbewerb in Maribor, Radio- und TV-Auftritte, &#8230;)<\/p>\n<p><strong>Kindergruppe<\/strong><br \/>Zwischen den Jahren 1985 bis 2000 leitete Vida Logar, eine Stogart Tochter, eine Kindergruppe, die sehr erfolgreich Kindertheaterst\u00fccke auff\u00fchrte.<\/p>\n<p><strong><a href=\"http:\/\/www.kpddrava.at\/wp-content\/uploads\/2010\/10\/EPSN0099.jpg\"><img loading=\"lazy\" decoding=\"async\" class=\"alignnone size-large wp-image-166\" title=\"EPSON DSC picture\" src=\"http:\/\/www.kpddrava.at\/wp-content\/uploads\/2010\/10\/EPSN0099-1024x768.jpg\" alt=\"\" width=\"614\" height=\"461\"><\/a><\/strong><\/p>\n<p><strong>Lutke Suha<\/strong><br \/>Das j\u00fcngste Kind des \u201eKatoli\u0161ko prosvetno dru\u0161tvo Drava\u201c, gegr\u00fcndet 2005, ist die Puppentheatergruppe \u00bbLutke Suha\u00ab unter der Leitung vom Tierarzt und \u00bbProfesor lutk\u00ab Mag. Richard Grilc.<\/p>\n<p><strong>Skupina S.A.N.J.E<\/strong><br \/>Seit dem Jahre 2016 ist die Sing- und Spielgruppe <a href=\"http:\/\/www.kpddrava.at\/?page_id=19762\">SANJE<\/a> aus Neuhaus\/Suha unter der Leitung von Dr. Engelbert Logar bei verschiedenen Konzerten und kirchlichen Veranstaltungen in K\u00e4rnten und Slowenien aktiv. Seit 2023 sind <a href=\"http:\/\/www.kpddrava.at\/?page_id=19762\">SANJE<\/a> in den Kulturverein KPD Drava eingegliedert.<\/p>\n\n\n<p><a href=\"http:\/\/www.kpddrava.at\/wp-content\/uploads\/2025\/02\/fantje8.png\"><img loading=\"lazy\" decoding=\"async\" class=\"alignnone size-full wp-image-22420\" src=\"http:\/\/www.kpddrava.at\/wp-content\/uploads\/2025\/02\/fantje8.png\" alt=\"\" width=\"1178\" height=\"853\" srcset=\"http:\/\/www.kpddrava.at\/wp-content\/uploads\/2025\/02\/fantje8.png 1178w, http:\/\/www.kpddrava.at\/wp-content\/uploads\/2025\/02\/fantje8-300x217.png 300w, http:\/\/www.kpddrava.at\/wp-content\/uploads\/2025\/02\/fantje8-1024x741.png 1024w, http:\/\/www.kpddrava.at\/wp-content\/uploads\/2025\/02\/fantje8-768x556.png 768w\" sizes=\"auto, (max-width: 767px) 89vw, (max-width: 1000px) 54vw, (max-width: 1071px) 543px, 580px\" \/><\/a><\/p>\n\n\n\n\n\n<p data-start=\"109\" data-end=\"196\"><strong data-start=\"109\" data-end=\"196\">Kulturhaus Hi\u0161a kulture, \u017dvabek\/Schwabegg<br data-start=\"152\" data-end=\"155\">Die wunderbare Geschichte dieses Hauses<\/strong><\/p>\n<p data-start=\"198\" data-end=\"403\">Mehr als 200 Jahre hat es auf dem Buckel: das Haus Schwabegg\/\u017dvabek Nr. 20, vulgo \u00bbPr O\u017eeju\u00ab, auf Deutsch Honsche-Hube. Urspr\u00fcnglich wurde es als Bauernhaus errichtet und \u00fcber Jahrzehnte hinweg so genutzt.<\/p>\n<p data-start=\"405\" data-end=\"691\">Im Jahr 1902 erwarb die damalige Gemeinde Schwabegg\/\u017dvabek das Geb\u00e4ude, das anschlie\u00dfend als Gemeindeamt diente. Zeitzeugen berichten, dass w\u00e4hrend der Wirtschaftskrise der Zwischenkriegszeit darin auch Armenwohnungen f\u00fcr obdachlose Schwabeggerinnen und Schwabegger untergebracht waren.<\/p>\n<p data-start=\"693\" data-end=\"1066\">Nach der Gemeindezusammenlegung wurde das Haus 1958 von der neu entstandenen Gemeinde Neuhaus\/Suha an die Posojilnica \u017dvabek verkauft. In den folgenden Jahren beherbergte es neben der Bank auch einen kleinen Zadruga-Markt. Als Nahversorger waren beide Betriebe beliebte Treffpunkte und wichtige Kommunikationsorte, an denen viele gesellschaftliche Fragen diskutiert wurden.<\/p>\n<p data-start=\"1068\" data-end=\"1474\">Mit der Umstrukturierung der Posojilnica und des Bankwesens insgesamt verlor das Haus rund um die Jahrtausendwende zunehmend an Bedeutung. Zadruga-Markt und Bank wurden Schritt f\u00fcr Schritt geschlossen, ein Verkauf des Hauses stand im Raum. Die Bankdirektoren Jo\u0161ko Nachbar und Lorenz Kumer sowie der damalige Bankpr\u00e4sident Fric Kumer \u010cr\u010dej boten schlie\u00dflich dem Kulturverein KPD Drava \u017dvabek den Erwerb an.<\/p>\n<p data-start=\"1476\" data-end=\"1651\">Damit begann die Herausforderung, das Geb\u00e4ude zu adaptieren und umzubauen, um den vielf\u00e4ltigen Bed\u00fcrfnissen des Vereins und seiner zahlreichen Kulturgruppen gerecht zu werden.<\/p>\n<p data-start=\"1653\" data-end=\"1807\">Baumeister Paul Per\u010d entwickelte nach zahlreichen Gespr\u00e4chen eine gro\u00dfartige architektonische L\u00f6sung. Doch erneut stellte sich die Frage der Finanzierung.<\/p>\n<p data-start=\"1809\" data-end=\"2297\">Von unseren Bem\u00fchungen bei Gemeinde, Land und Bund erfuhr auch unser Freund, Botschafter Valentin Inzko. Er setzte zahlreiche Hebel in Bewegung. Das Ergebnis: eine sehr gro\u00dfz\u00fcgige Soforthilfe des Rates der K\u00e4rntner Slowenen\/Narodni svet koro\u0161kih Slovencev, eine bedeutende F\u00f6rderung des Landes \u2013 erm\u00f6glicht durch Landesrat Mag. Achill Rumpold \u2013, eine Finanzhilfe des BKA \u00fcber den Volksgruppenbeirat sowie, was uns besonders freute, eine gro\u00dfz\u00fcgige Unterst\u00fctzung der Gemeinde Neuhaus\/Suha.<\/p>\n<p data-start=\"2299\" data-end=\"2471\">Ab 2013 wurde abgerissen und betoniert, gemauert und installiert, es wurden B\u00f6den verlegt, Fliesen gesetzt, gewei\u00dfelt, gestrichen, geputzt und alles auf Hochglanz gebracht.<\/p>\n<p data-start=\"2473\" data-end=\"2786\">Gearbeitet wurde ausschlie\u00dflich mit Firmen aus der n\u00e4heren Umgebung, aber ebenso unter enormem pers\u00f6nlichen Einsatz unserer Vereinsmitglieder \u2013 allen voran Obmann Lenart Katz und seine Gattin Rosina \u2013 sowie vieler flei\u00dfiger Schwabeggerinnen und Schwabegger. Nahezu 1500 unbezahlte Arbeitsstunden wurden geleistet.<\/p>\n<p data-start=\"2788\" data-end=\"2985\">Als 2014 dennoch beinahe das Geld ausging, spendeten Menschen von nah und fern, Freunde unserer langj\u00e4hrigen Kulturarbeit, gro\u00dfz\u00fcgig und mit viel Herz. Das Ergebnis kann sich wahrlich sehen lassen!<\/p>\n<p data-start=\"2987\" data-end=\"3153\">Das ber\u00fchmte T\u00fcpfchen auf dem i folgte 2015:<br data-start=\"3031\" data-end=\"3034\">Bundespr\u00e4sident Dr. Heinz Fischer nahm \u2013 begleitet von Landeshauptmann Dr. Peter Kaiser \u2013 die feierliche Er\u00f6ffnung vor.<\/p>\n\n\n\n<p><a href=\"http:\/\/www.kpddrava.at\/wp-content\/uploads\/2025\/12\/klrhisa_kulture3.jpg\"><img loading=\"lazy\" decoding=\"async\" class=\"alignnone size-large wp-image-23803\" src=\"http:\/\/www.kpddrava.at\/wp-content\/uploads\/2025\/12\/klrhisa_kulture3-1024x768.jpg\" alt=\"\" width=\"525\" height=\"394\" srcset=\"http:\/\/www.kpddrava.at\/wp-content\/uploads\/2025\/12\/klrhisa_kulture3-1024x768.jpg 1024w, http:\/\/www.kpddrava.at\/wp-content\/uploads\/2025\/12\/klrhisa_kulture3-300x225.jpg 300w, http:\/\/www.kpddrava.at\/wp-content\/uploads\/2025\/12\/klrhisa_kulture3-768x576.jpg 768w, http:\/\/www.kpddrava.at\/wp-content\/uploads\/2025\/12\/klrhisa_kulture3-1536x1152.jpg 1536w, http:\/\/www.kpddrava.at\/wp-content\/uploads\/2025\/12\/klrhisa_kulture3.jpg 2048w\" sizes=\"auto, (max-width: 525px) 100vw, 525px\" \/><\/a><\/p>\n","protected":false},"excerpt":{"rendered":"<p>Der Bildungsverein \u2013 eine NotwendigkeitBereits im Jahre 1909 erschien in der slowenischen Wochenzeitung MIR, wahrscheinlich vom damaligen Schwabegger Pfarrer, ein&nbsp; Artikel, in dem der Wunsch nach Gr\u00fcndung eines slowenischen Bildungsvereines&nbsp; ge\u00e4u\u00dfert wurde. Gr\u00fcndung des VereinesIm Jahre 1910 best\u00e4tigte die Bezirkshauptmannschaft V\u00f6lkermarkt \/ Velikovec die Gr\u00fcndung des Vereines \u201eKr\u0161\u010dansko \u2013 izobra\u017eevalno dru\u0161tvo za \u017dvabek\u00ab. Der Gr\u00fcnder &hellip; <\/p>\n<p class=\"link-more\"><a href=\"http:\/\/www.kpddrava.at\/?page_id=86\" class=\"more-link\"><span class=\"screen-reader-text\">\u201eGeschichte\u201c<\/span> weiterlesen<\/a><\/p>\n","protected":false},"author":4,"featured_media":0,"parent":0,"menu_order":0,"comment_status":"closed","ping_status":"closed","template":"","meta":{"ngg_post_thumbnail":0,"_mc_calendar":[],"footnotes":""},"class_list":["post-86","page","type-page","status-publish","hentry"],"_links":{"self":[{"href":"http:\/\/www.kpddrava.at\/index.php?rest_route=\/wp\/v2\/pages\/86","targetHints":{"allow":["GET"]}}],"collection":[{"href":"http:\/\/www.kpddrava.at\/index.php?rest_route=\/wp\/v2\/pages"}],"about":[{"href":"http:\/\/www.kpddrava.at\/index.php?rest_route=\/wp\/v2\/types\/page"}],"author":[{"embeddable":true,"href":"http:\/\/www.kpddrava.at\/index.php?rest_route=\/wp\/v2\/users\/4"}],"replies":[{"embeddable":true,"href":"http:\/\/www.kpddrava.at\/index.php?rest_route=%2Fwp%2Fv2%2Fcomments&post=86"}],"version-history":[{"count":15,"href":"http:\/\/www.kpddrava.at\/index.php?rest_route=\/wp\/v2\/pages\/86\/revisions"}],"predecessor-version":[{"id":23804,"href":"http:\/\/www.kpddrava.at\/index.php?rest_route=\/wp\/v2\/pages\/86\/revisions\/23804"}],"wp:attachment":[{"href":"http:\/\/www.kpddrava.at\/index.php?rest_route=%2Fwp%2Fv2%2Fmedia&parent=86"}],"curies":[{"name":"wp","href":"https:\/\/api.w.org\/{rel}","templated":true}]}}